{"id":14,"date":"2024-02-12T16:07:19","date_gmt":"2024-02-12T13:07:19","guid":{"rendered":"https:\/\/grupdirilisvakti.com.tr\/?page_id=14"},"modified":"2024-02-13T11:21:07","modified_gmt":"2024-02-13T08:21:07","slug":"ana-sayfa","status":"publish","type":"page","link":"https:\/\/grupdirilisvakti.com.tr\/","title":{"rendered":"Ana Sayfa"},"content":{"rendered":"\n<div class=\"wp-block-columns alignfull is-layout-flex wp-container-core-columns-is-layout-9d6595d7 wp-block-columns-is-layout-flex\">\n<div class=\"wp-block-column is-layout-flow wp-block-column-is-layout-flow\">\n<div class=\"wp-block-columns is-layout-flex wp-container-core-columns-is-layout-9d6595d7 wp-block-columns-is-layout-flex\">\n<div class=\"wp-block-column is-layout-flow wp-block-column-is-layout-flow\"><\/div>\n\n\n\n<div class=\"wp-block-column is-layout-flow wp-block-column-is-layout-flow\">\n<figure class=\"wp-block-image size-full is-resized\"><img fetchpriority=\"high\" decoding=\"async\" width=\"400\" height=\"400\" src=\"http:\/\/grupdirilisvakti-com-tr.preview-domain.com\/wp-content\/uploads\/2024\/02\/kapak-2-100.jpg\" alt=\"\" class=\"wp-image-29\" style=\"width:511px;height:auto\" srcset=\"https:\/\/grupdirilisvakti.com.tr\/wp-content\/uploads\/2024\/02\/kapak-2-100.jpg 400w, https:\/\/grupdirilisvakti.com.tr\/wp-content\/uploads\/2024\/02\/kapak-2-100-300x300.jpg 300w, https:\/\/grupdirilisvakti.com.tr\/wp-content\/uploads\/2024\/02\/kapak-2-100-150x150.jpg 150w, https:\/\/grupdirilisvakti.com.tr\/wp-content\/uploads\/2024\/02\/kapak-2-100-50x50.jpg 50w\" sizes=\"(max-width: 400px) 100vw, 400px\" \/><\/figure>\n<\/div>\n\n\n\n<div class=\"wp-block-column is-layout-flow wp-block-column-is-layout-flow\">\n<h3 class=\"wp-block-heading\">Vazge\u00e7meyiz Bu Davadan<\/h3>\n\n\n\n<p>\u0130slam co\u011frafyas\u0131nda ya\u015fan\u0131lanlar\u0131 M\u00fcsl\u00fcmanlar\u0131n g\u00fcndemine getirmek ve karde\u015flik ba\u011flar\u0131m\u0131z\u0131n peki\u015fmesine vesile olmak amac\u0131yla \u00e7\u0131karm\u0131\u015f oldu\u011fumuz kurulu\u015f alb\u00fcm\u00fcm\u00fczd\u00fcr.<\/p>\n\n\n\n<ul class=\"wp-block-list\">\n<li><strong>\u00c7\u0131k\u0131\u015f Y\u0131l\u0131:<\/strong>&nbsp;2010<\/li>\n\n\n\n<li><strong>Par\u00e7a Say\u0131s\u0131:<\/strong>&nbsp;13<\/li>\n<\/ul>\n<\/div>\n\n\n\n<div class=\"wp-block-column is-layout-flow wp-block-column-is-layout-flow\"><\/div>\n<\/div>\n<\/div>\n<\/div>\n\n\n\n<div class=\"wp-block-columns alignfull is-layout-flex wp-container-core-columns-is-layout-9d6595d7 wp-block-columns-is-layout-flex\">\n<div class=\"wp-block-column is-layout-flow wp-block-column-is-layout-flow\">\n<div class=\"wp-block-columns is-layout-flex wp-container-core-columns-is-layout-9d6595d7 wp-block-columns-is-layout-flex\">\n<div class=\"wp-block-column is-layout-flow wp-block-column-is-layout-flow\"><\/div>\n\n\n\n<div class=\"wp-block-column is-layout-flow wp-block-column-is-layout-flow\">\n<h3 class=\"wp-block-heading\">\u015eehadet Arzusu<\/h3>\n\n\n\n<p>Unutulanlar\u0131 tekrar hat\u0131rlatmak, \u0130slam co\u011frafyalar\u0131nda ya\u015fan\u0131lanlar\u0131 tekrar M\u00fcsl\u00fcmanlar\u0131n g\u00fcndemine getirmek ve nebilerin, s\u0131dd\u0131klar\u0131n ve salihlerin duydu\u011fu b\u00fcy\u00fck arzuyu duyurmak amac\u0131yla \u00e7\u0131kard\u0131\u011f\u0131m\u0131z ikinci alb\u00fcm\u00fcm\u00fczd\u00fcr.<\/p>\n\n\n\n<ul class=\"wp-block-list\">\n<li><strong>\u00c7\u0131k\u0131\u015f Y\u0131l\u0131:<\/strong>&nbsp;2015<\/li>\n\n\n\n<li><strong>Par\u00e7a Say\u0131s\u0131:<\/strong>&nbsp;11<\/li>\n<\/ul>\n<\/div>\n\n\n\n<div class=\"wp-block-column is-layout-flow wp-block-column-is-layout-flow\">\n<figure class=\"wp-block-image size-full is-resized\"><img decoding=\"async\" width=\"400\" height=\"400\" src=\"http:\/\/grupdirilisvakti-com-tr.preview-domain.com\/wp-content\/uploads\/2024\/02\/kapak-100.jpg\" alt=\"\" class=\"wp-image-31\" style=\"width:511px;height:auto\" srcset=\"https:\/\/grupdirilisvakti.com.tr\/wp-content\/uploads\/2024\/02\/kapak-100.jpg 400w, https:\/\/grupdirilisvakti.com.tr\/wp-content\/uploads\/2024\/02\/kapak-100-300x300.jpg 300w, https:\/\/grupdirilisvakti.com.tr\/wp-content\/uploads\/2024\/02\/kapak-100-150x150.jpg 150w, https:\/\/grupdirilisvakti.com.tr\/wp-content\/uploads\/2024\/02\/kapak-100-50x50.jpg 50w\" sizes=\"(max-width: 400px) 100vw, 400px\" \/><\/figure>\n<\/div>\n\n\n\n<div class=\"wp-block-column is-layout-flow wp-block-column-is-layout-flow\"><\/div>\n<\/div>\n<\/div>\n<\/div>\n\n\n\n<div class=\"wp-block-columns alignfull is-layout-flex wp-container-core-columns-is-layout-9d6595d7 wp-block-columns-is-layout-flex\">\n<div class=\"wp-block-column is-layout-flow wp-block-column-is-layout-flow\">\n<div class=\"wp-block-columns is-layout-flex wp-container-core-columns-is-layout-9d6595d7 wp-block-columns-is-layout-flex\">\n<div class=\"wp-block-column is-layout-flow wp-block-column-is-layout-flow\"><\/div>\n\n\n\n<div class=\"wp-block-column is-layout-flow wp-block-column-is-layout-flow\">\n<figure class=\"wp-block-image size-full is-resized\"><img decoding=\"async\" width=\"1920\" height=\"1080\" src=\"http:\/\/grupdirilisvakti-com-tr.preview-domain.com\/wp-content\/uploads\/2024\/02\/gdv.jpg\" alt=\"\" class=\"wp-image-5\" style=\"width:511px;height:auto\" srcset=\"https:\/\/grupdirilisvakti.com.tr\/wp-content\/uploads\/2024\/02\/gdv.jpg 1920w, https:\/\/grupdirilisvakti.com.tr\/wp-content\/uploads\/2024\/02\/gdv-300x169.jpg 300w, https:\/\/grupdirilisvakti.com.tr\/wp-content\/uploads\/2024\/02\/gdv-1024x576.jpg 1024w, https:\/\/grupdirilisvakti.com.tr\/wp-content\/uploads\/2024\/02\/gdv-768x432.jpg 768w, https:\/\/grupdirilisvakti.com.tr\/wp-content\/uploads\/2024\/02\/gdv-1536x864.jpg 1536w, https:\/\/grupdirilisvakti.com.tr\/wp-content\/uploads\/2024\/02\/gdv-990x557.jpg 990w\" sizes=\"(max-width: 1920px) 100vw, 1920px\" \/><\/figure>\n<\/div>\n\n\n\n<div class=\"wp-block-column is-layout-flow wp-block-column-is-layout-flow\">\n<p>Alb\u00fcm d\u0131\u015f\u0131nda \u00e7\u0131kard\u0131\u011f\u0131m\u0131z bir \u00e7ok tekli ezgi ile ya\u015fan\u0131lanlar\u0131 M\u00fcsl\u00fcmanlar\u0131n g\u00fcndeminde tutmak, fert ve toplum olarak hata ve kusurlar\u0131m\u0131z\u0131 uygun bir \u00fcslup ile dile getirerek Allah ve Resul\u00fcn\u00fcn istedi\u011fi M\u00fcsl\u00fcman \u015fahsiyeti tebli\u011f etmeyi ama\u00e7l\u0131yoruz.<\/p>\n<\/div>\n\n\n\n<div class=\"wp-block-column is-layout-flow wp-block-column-is-layout-flow\"><\/div>\n<\/div>\n<\/div>\n<\/div>\n","protected":false},"excerpt":{"rendered":"<p>Vazge\u00e7meyiz Bu Davadan \u0130slam co\u011frafyas\u0131nda ya\u015fan\u0131lanlar\u0131 M\u00fcsl\u00fcmanlar\u0131n g\u00fcndemine getirmek ve karde\u015flik ba\u011flar\u0131m\u0131z\u0131n peki\u015fmesine vesile olmak amac\u0131yla \u00e7\u0131karm\u0131\u015f oldu\u011fumuz kurulu\u015f alb\u00fcm\u00fcm\u00fczd\u00fcr. &hellip; <a href=\"https:\/\/grupdirilisvakti.com.tr\/\" class=\"more-link\"><span class=\"more-button\">Continue Reading<span class=\"screen-reader-text\">Ana Sayfa<\/span><\/span><\/a><\/p>\n","protected":false},"author":1,"featured_media":0,"parent":0,"menu_order":0,"comment_status":"closed","ping_status":"closed","template":"","meta":{"_monsterinsights_skip_tracking":false,"_monsterinsights_sitenote_active":false,"_monsterinsights_sitenote_note":"","_monsterinsights_sitenote_category":0,"footnotes":""},"class_list":["post-14","page","type-page","status-publish","hentry"],"aioseo_notices":[],"_links":{"self":[{"href":"https:\/\/grupdirilisvakti.com.tr\/index.php?rest_route=\/wp\/v2\/pages\/14","targetHints":{"allow":["GET"]}}],"collection":[{"href":"https:\/\/grupdirilisvakti.com.tr\/index.php?rest_route=\/wp\/v2\/pages"}],"about":[{"href":"https:\/\/grupdirilisvakti.com.tr\/index.php?rest_route=\/wp\/v2\/types\/page"}],"author":[{"embeddable":true,"href":"https:\/\/grupdirilisvakti.com.tr\/index.php?rest_route=\/wp\/v2\/users\/1"}],"replies":[{"embeddable":true,"href":"https:\/\/grupdirilisvakti.com.tr\/index.php?rest_route=%2Fwp%2Fv2%2Fcomments&post=14"}],"version-history":[{"count":10,"href":"https:\/\/grupdirilisvakti.com.tr\/index.php?rest_route=\/wp\/v2\/pages\/14\/revisions"}],"predecessor-version":[{"id":85,"href":"https:\/\/grupdirilisvakti.com.tr\/index.php?rest_route=\/wp\/v2\/pages\/14\/revisions\/85"}],"wp:attachment":[{"href":"https:\/\/grupdirilisvakti.com.tr\/index.php?rest_route=%2Fwp%2Fv2%2Fmedia&parent=14"}],"curies":[{"name":"wp","href":"https:\/\/api.w.org\/{rel}","templated":true}]}}