{"id":87,"date":"2024-02-13T11:24:56","date_gmt":"2024-02-13T08:24:56","guid":{"rendered":"https:\/\/grupdirilisvakti.com.tr\/?page_id=87"},"modified":"2024-02-13T11:24:57","modified_gmt":"2024-02-13T08:24:57","slug":"hakkimizda","status":"publish","type":"page","link":"https:\/\/grupdirilisvakti.com.tr\/?page_id=87","title":{"rendered":"Hakk\u0131m\u0131zda"},"content":{"rendered":"\n<p>Grup Dirili\u015f Vakti ezgileriyle mazlumlar\u0131n sesini duyurmay\u0131 ama\u00e7layan g\u00f6n\u00fcll\u00fc bir ezgi grubudur.<\/p>\n\n\n\n<p>Kuruldu\u011fu g\u00fcnden bu yana hi\u00e7bir ticari gelir ama\u00e7lamadan ezgilerine devam eden grubumuz aktif bir \u015fekilde yeni alb\u00fcm ve ezgi \u00e7al\u0131\u015fmalar\u0131na devam etmektedir.<\/p>\n\n\n\n<p>Grup Dirili\u015f Vakti mazlumlar\u0131n sesi olacak yeni alb\u00fcm ve ezgileriyle yak\u0131nda sizlerle birlikte olacak\u2026<\/p>\n","protected":false},"excerpt":{"rendered":"<p>Grup Dirili\u015f Vakti ezgileriyle mazlumlar\u0131n sesini duyurmay\u0131 ama\u00e7layan g\u00f6n\u00fcll\u00fc bir ezgi grubudur. Kuruldu\u011fu g\u00fcnden bu yana hi\u00e7bir ticari gelir ama\u00e7lamadan &hellip; <a href=\"https:\/\/grupdirilisvakti.com.tr\/?page_id=87\" class=\"more-link\"><span class=\"more-button\">Continue Reading<span class=\"screen-reader-text\">Hakk\u0131m\u0131zda<\/span><\/span><\/a><\/p>\n","protected":false},"author":1,"featured_media":0,"parent":0,"menu_order":0,"comment_status":"closed","ping_status":"closed","template":"","meta":{"_monsterinsights_skip_tracking":false,"_monsterinsights_sitenote_active":false,"_monsterinsights_sitenote_note":"","_monsterinsights_sitenote_category":0,"footnotes":""},"class_list":["post-87","page","type-page","status-publish","hentry"],"aioseo_notices":[],"_links":{"self":[{"href":"https:\/\/grupdirilisvakti.com.tr\/index.php?rest_route=\/wp\/v2\/pages\/87","targetHints":{"allow":["GET"]}}],"collection":[{"href":"https:\/\/grupdirilisvakti.com.tr\/index.php?rest_route=\/wp\/v2\/pages"}],"about":[{"href":"https:\/\/grupdirilisvakti.com.tr\/index.php?rest_route=\/wp\/v2\/types\/page"}],"author":[{"embeddable":true,"href":"https:\/\/grupdirilisvakti.com.tr\/index.php?rest_route=\/wp\/v2\/users\/1"}],"replies":[{"embeddable":true,"href":"https:\/\/grupdirilisvakti.com.tr\/index.php?rest_route=%2Fwp%2Fv2%2Fcomments&post=87"}],"version-history":[{"count":1,"href":"https:\/\/grupdirilisvakti.com.tr\/index.php?rest_route=\/wp\/v2\/pages\/87\/revisions"}],"predecessor-version":[{"id":88,"href":"https:\/\/grupdirilisvakti.com.tr\/index.php?rest_route=\/wp\/v2\/pages\/87\/revisions\/88"}],"wp:attachment":[{"href":"https:\/\/grupdirilisvakti.com.tr\/index.php?rest_route=%2Fwp%2Fv2%2Fmedia&parent=87"}],"curies":[{"name":"wp","href":"https:\/\/api.w.org\/{rel}","templated":true}]}}